6)?
23
Calculate 18 + (-5 - -19) + (-5 - (29 + -12)).
10
What is 7 + 7 + -22 + -13 - (35 - -19)?
-75
What is the value of (-2081 - -2062) + 2 + -2 + 30?
11
What is the value of 1090 + -1058 + (0 - -2) - 61?
-27
Calculate 91 + -99 + 22 + 27.
41
What is (65 - 81) + 51 + 19?
54
Calculate (118 - (154 + -41)) + -2 + 11 + -2.
12
What is the value of 6 + 17 + -9 + 38 + 17 + -30?
39
-8 + 0 + -4 + (-20 - -20) - 70
-82
Evaluate -94 + 185 + -56 + -23.
12
Calculate -9 - (11 + 7 + -19) - (-12 - 5).
9
What is (-1 + -2 - -86) + (-79 - -53)?
57
Calculate -24 + (-47 - (-52 + 3)).
-22
Calculate 73 - ((-1 - (-31 + 25)) + -42).
110
Evaluate 1 + -145 - (-9843 + 9789).
-90
(-9 - (-16 + 6)) + (-8 - -29) + 12
34
What is the value of 59 + (10 - (2 - -49))?
18
What is the value of (17 + 30 - -3) + (3 - 13 - (-2 - 0))?
42
(-27 - -9) + (38 + -19 - 72)
-71
What is the value of (-16 - (-8 + -6)) + -48?
-50
Calculate 2 + (2 - (-11 + 5)) + -1 + (-70 - 8).
-69
Evaluate 3 - 5 - ((-133 - -42) + 105).
-16
Calculate (45 - (25 - -5)) + -6 + -1 - 73.
-65
Calculate -1 + 32 - (-16 - (19 + -3) - -19).
44
What is the value of (5854 - 5827) + (2 - (2 - -62))?
-35
Evaluate 1 + -6 + -1 + -1 + (-328 - -456) + -115.
6
-12 + 58 + (-8 - 18) + -23
-3
What is (15 - ((11 - 31) + 25)) + (3 - (2 + -16))?
27
Calculate -40 - -1 - (2377 + -2500).
84
What is the value of -30 + 3 + 33 + -83 + 38?
-39
Calculate 6 + 2 + 6 + (-1 - -6) + -18 - -62.
63
What is 16 + -15 + -5 + -1 + -2 + 3 + -44?
-48
Evaluate -7 + -1 - -131 - ((7 - (5 - 14)) + -31).
138
What is 3 - -6 - 3 - (7 + -7 + 11) - 11?
-16
-32 + -102 + -188 + 251
-71
Evaluate 8 - (25 + -26) - (-39 + 6).
42
Evaluate -154 - (-66 - 4) - -56.
-28
-1 + 9 + -290 + 258 + (-1 - -51)
26
108 - (33 + 68) - 54
-47
What is the value of 12848 - 12806 - (-1 - (1 - -1 - (10 - 1)))?
36
What is -21 + 14 + 1 + -3 - (50 + 16 - 48)?
-27
Calculate (-1 - 8) + (66 - (-1 - -48)) - -61.
71
-99 + (76 - -23) + -88
-88
Calculate -1153 + 1209 - (0 - -31).
25
2 + -25 - (36 + 28 + -91)
4
What is 51 - (-5 + 21) - 12 - 22?
1
What is -19 + (39 - (-21 - (-14 - 22)))?
5
Calculate 11 - (-12 + (-19 - -13 - 17)).
46
-8 - (8 - 12) - -35 - 33
-2
What is the value of 6 + 2 + 15 + -10 + 3 + 7?
23
(-13 - 0) + -12 + (18 + -67 - (1 + 6))
-81
Evaluate 2 - (-6 - 2 - 15) - (-1 - 7).
33
What is -165 - -71 - -94 - -28?
28
What is the value of (74 - -5) + (39 - (-36 - -74))?
80
-40 - (-21 + -1 + 27 - 11)
-34
-264 + 280 + (5 - (4 + 18))
-1
What is 6 - (55 - (68 + -50))?
-31
17 + (-19 + (-6 - -14) - -2 - -34)
42
What is the value of 18 + -62 + 21 + (-8 - 48)?
-79
Evaluate (-8 - (7 - 17)) + (14 - 0 - 90) + 11.
-63
Evaluate -26 + 0 - (91 - (217 + -121)) - 26.
-47
21 + 1 + -29 - ((-7 - -1) + 84 + -2)
-83
Calculate (-32 - -1) + (14 - 5 - 11 - 17) + 28.
-22
What is the value of -33 + 24 + (-10 - -7) + 69?
57
Evaluate -40 + (37 - 52) + 15.
-40
What is (-23 - ((-82 - -28) + 7)) + (22 - 0)?
46
What is the value of 9 + -5 + ((5 - -2) + -1 - (18 - 12))?
4
Evaluate (-5 - (-1 + -1)) + (33 - (52 - 15 - 17)).
10
What is the value of (36 - (2 - 4)) + (-543 - -543)?
38
What is the value of -8 + ((0 - 17) + 27 - 9)?
-7
Evaluate 45 - (17 + (-11 + 0 - (-6 + 14))).
47
Calculate 159 - (40 + -86 + 72) - (15 + 2).
116
-13 + -17 + (-2 + (-7 - -6) - -3)
-30
Calculate -39 - (-12 + (44 - 37)).
-34
What is 106 + 26 + (111 - 128)?
115
-5 - -2 - -39 - (85 + 4 - 66)
13
What is the value of -55 - (24 - (-66 + 101))?
-44
What is the value of -32 + -42 - (1 - ((-4 - -2) + -3 - -6))?
-74
10 - 1 - (7 + 3 - (-34 + 51) - -11)
5
What is the value of (1164 - 1070) + 45 + -2?
137
What is 150 - (-118 + (104 - -158))?
6
What is 21 + (5 - (3 + 8)) - 48 - 2?
-35
What is the value of 18 + -6 + -1 + 3 + -22 - -15?
7
What is the value of 11 + 5 + -15 + 57 + -13 + -3 + 6?
48
Calculate 8 + (17 - 28) + 18.
15
Calculate -23 - -13 - (-65 - -47).
8
What is 118 + -82 - (65 - (-15 + 5))?
-39
What is -5 + -3 + -55 + (10 - (-18 - -38))?
-73
Calculate 50 - (-15 - -22) - 12 - 5.
26
Evaluate 67 + (37 - 29) - 83.
-8
What is -42 + 3 + (-11 - -48) + -47?
-49
What is the value of (-70 - (76 + -96)) + 11?
-39
What is 0 - 8 - 16 - (3 - -5)?
-32
(8 - -1) + (35 - 1 - (-90 + 71 + 30))
32
73 - 37 - 49 - -19
6
What is 44 + 46 + -50 + -22?
18
19 + (24 - -2 - 21) + (7 - 2)
29
Calculate -5 + 2 + -9 - -18 - 11.
-5
Calculate -4 - -48 - (995 - 990).
39
What is the value of -14 + 0 + -21 + -22 + 31?
-26
What is the value of 36 - ((2 - (2 - 5)) + -14 - 5)?
50
Calculate -30 - (19 - 49) - 43 - -135.
92
What is (-36 - -34 - -35) + -82?
-49
What is the value of (-351 - -342) + -23 + -2 + -33 + 33?
-34
What is the value of -30 - (-17 - (84 + (-9 - 1)))?
61
What is the value of 68 - (93 + -50 + 12)?
13
What is -46 - ((-1 + 7 - -8) + (12 - 40))?
-32
Calculate -13 - (-5 - (-22 + 20)) - -26.
16
-64 + -3 - (16 - (-6 + (-49 - -79)))
-59
Evaluate (-22 + (22 - -13) - 19) + -16.
-22
What is 10 + 48 + (104 - 146)?
16
What is the value of 9 + -37 + (-29 + 12 - -28)?
-17
Evaluate 315 + -398 - (-21 + -2).
-60
-11 + ((-1 - 7) + 8 - (-2 + -4))
-5
-21 + (2 + 1 - (-120 - -142)) + 18
-22
Calculate (-2 - 3 - -4) + -33 + 38 - 49.
-45
Calculate (175 - 74) + (-232 + 246 - (-1 + 19)).
97
What is the value of -4 + 3 + (1 - 17 - (-5 - -29 - 82))?
41
31 + 28 + -14 - (17 - 5 - 7 - 4)
44
What is 12 + (-4 - 8) + (19 + 15 - 4)?
30
Calculate -49 + (25 - 13) + 64.
27
Evaluate (61 - (-39 + 65) - 25) + 68 + 0.
78
What is 3 + -1 + (-5 - ((-1 - 10) + -30 - 1))?
39
Calculate 986 - 978 - (15 - -1) - (-26 - 0).
18
Calculate 8 - (-7 + 0 - -36) - (-27 - -1).
5
Evaluate 18 - ((-73 - -18) + 27).
46
What is (5 - -11) + -28 + 8 + -6 + (3 - 2)?
-9
What is (45 - (39 - -19)) + 10?
-3
Calculate -8 + 21 + -1 - (-7 + 23 + 9 + -8).
-5
What is the value of -34 + 45 + -47 - -54?
18
Evaluate -119 + (-116 - -124) + 171.
60
What is -97 + 7 + 50 + -9?
-49
6 + -1 + 4 + (9 - ((-3 - 12) + 7))
26
Evaluate -16 + 13 + -9 - (3 - -13) - -1.
-27
What is 54 + -27 - 62 - ((-5 - -2 - 1) + -7)?
-24
Calculate (41 - (-95 - -60)) + -19.
57
What is the value of -7 + (-8 - -7) + (12 + -11 - 19) + 7?
-19
Evaluate 21 + -10 + -62 - (20 - 24).
-47
Calculate (164 - 76) + 135 - 80.
143
Evaluate 0 + -46 - ((-1 - -67 - 52) + -15 + 0).
-45
-18 + 7 + -4 - (-1 + -18 - -22)
-18
Calculate -57 - (-37 + (-19 - -30) + 11).
-42
What is the value of 155 + -67 + (46 - 13)?
121
What is the value of (-177 - -188) + (-17 - 25)?
-31
-35 + -2 + 7 + (-83 - -79)
-34
-191 + 255 - (-9 + 25)
48
(5 - 60) + 798 + -785
-42
What is (-2 - 6 - (4 + 50 + -14)) + -3?
-51
Evaluate (0 - -57 - (2949 + -2926)) + -19 + 1.
16
What is -47 + 4 - ((-12 - 0) + (-128 - -126))?
-29
What is the value of 17 + -25 - (3 - 28)?
17
Evaluate 7 + (603 - 600 - (0 + -5)).
15
What is (-12 - (11 + -21 + 3 + 28)) + 8?
-25
((-9 - -17) + -1 + -1 - -6) + (-44 - -3)
-29
What is -50 + 19 + (-26 - -34)?
-23
What is the value of 55 + (-120 - -34 - -93)?
62
What is (1 - 10) + 35 + (-55 - -13) - -12 - -54?
50
Calculate -1 + 134 - (5638 - 5561).
56
What is the value of (-111 + -1 - -2) + -9819 + 9793?
-136
Evaluate 5 - 4 - (64 + -82) - (25 + -61).
55
What is the value of 2 + -55 - (68 + 12 + -79)?
-54
66 - 60 - (-3 + 5 + 5 - -28)
-29
Calculate -31 - 46 - -51 - (-9 - (-3 + 2 - 0)).
-18
18 - 7 - -10 - (17 - 18)
22
Calculate -80 - (-25 - 45 - -11).
-21
-2 + (23 + -49 - 7) + 156
121
Calculate (3 + 8 + -3 - 57) + (14 - 1).
-36
What is the value of (42 - (-59 - -54 - (-10 + -7))) + 10?
40
What is (6384 - 6487) + 81 + 0?
-22
Evaluate -3 + (9 - (34 - 71)).
43
-83 - -90 - -26 - (160 + -3)
-124
Calculate 11 + -1 + 3 - (-2001 - -1954).
60
(-58 - -29) + 60 - (5 - 1)
27
165 - 110 - (1 - -12)
42
-9 + (30 + -22 - (-12 + 1)) - -84
94
Evaluate 1 - 65 - (45 - 59) - -14 - -10.
-26
Evaluate -27 - 4 - -16 - (-2 - 5 - 0) - -46.
38
-7 + (-33 - -20 - 16) + (18 - 3)
-21
Evaluate -1 + -16 + 0 + -7 + (-11 - (-4 + -7)).
-24
What is the value of 46 + (13 - 5) - 50?
4
4 + -7 + (5 - (-1 + 7 + -7)) - -23
26
What is the value of 14 - (10 - 13 - (2 - 9)) - -16?
26
(-1 - (4 + -3)) + 16 - (16937 + -16846)
-77
Evaluate -2 + -9 - ((10 - -28 - 19) + -49 - 21).
40
8 + 21 + -43 - -8 - -74
68
-16 - (-3 + 25 - 6 - 19)
-13
What is 30 + (-8 - (49 - 21)) - -11?
5
What is the value of (4 - (6 + -3 + -7 - 11) - -14) + 15?
48
What is (1 - (-4 + (3 - 8) + (-5 - -6))) + 51?
60
E